common factor of 74 and 22385.
37
Calculate the highest common divisor of 21 and 45.
3
What is the greatest common factor of 10430 and 70?
70
Calculate the greatest common factor of 9632 and 48.
16
Calculate the greatest common divisor of 2451 and 24.
3
Calculate the greatest common divisor of 351 and 897.
39
What is the highest common divisor of 93 and 186?
93
What is the highest common divisor of 22016 and 860?
172
Calculate the greatest common factor of 1675 and 75.
25
What is the highest common factor of 88 and 13332?
44
What is the greatest common factor of 78 and 2634?
6
What is the greatest common divisor of 170 and 30?
10
What is the greatest common divisor of 17746 and 38?
38
What is the greatest common divisor of 20 and 370?
10
What is the greatest common factor of 49 and 784?
49
Calculate the highest common divisor of 48 and 5022.
6
Calculate the highest common divisor of 99 and 1023.
33
What is the highest common factor of 51 and 68?
17
What is the highest common divisor of 31207 and 22?
11
Calculate the highest common divisor of 1156 and 12.
4
What is the greatest common factor of 28 and 1204?
28
Calculate the highest common factor of 464 and 812.
116
Calculate the greatest common factor of 1160 and 1015.
145
What is the highest common factor of 15 and 17325?
15
Calculate the highest common divisor of 63 and 126.
63
Calculate the greatest common factor of 324 and 372.
12
Calculate the highest common factor of 4512 and 416.
32
What is the highest common factor of 7 and 2443?
7
What is the greatest common factor of 90 and 250?
10
Calculate the greatest common divisor of 119 and 323.
17
Calculate the greatest common divisor of 2992 and 51.
17
Calculate the highest common factor of 4312 and 176.
88
What is the highest common divisor of 468 and 48?
12
What is the highest common divisor of 37162 and 68?
34
What is the highest common factor of 58 and 18299?
29
Calculate the highest common factor of 83727 and 189.
189
What is the greatest common divisor of 2263 and 62?
31
Calculate the highest common divisor of 979 and 99.
11
Calculate the highest common divisor of 208 and 182.
26
What is the greatest common divisor of 160 and 5?
5
Calculate the highest common factor of 34 and 10.
2
Calculate the greatest common divisor of 656 and 96.
16
What is the greatest common divisor of 832 and 152?
8
Calculate the highest common divisor of 87 and 435.
87
What is the highest common factor of 420 and 252?
84
What is the highest common factor of 176456 and 92?
92
What is the highest common divisor of 192 and 448?
64
Calculate the greatest common divisor of 108 and 2511.
27
Calculate the greatest common factor of 28 and 98.
14
Calculate the highest common factor of 1896 and 120.
24
Calculate the highest common divisor of 12 and 636.
12
Calculate the greatest common factor of 42 and 14805.
21
Calculate the greatest common divisor of 1280 and 30.
10
What is the greatest common factor of 53 and 1007?
53
What is the highest common factor of 13 and 247?
13
What is the highest common divisor of 270 and 54?
54
Calculate the highest common divisor of 182 and 7553.
91
Calculate the highest common divisor of 72 and 840.
24
Calculate the greatest common factor of 128 and 3616.
32
Calculate the highest common factor of 365 and 10.
5
What is the greatest common divisor of 52 and 832?
52
Calculate the greatest common divisor of 4572 and 252.
36
Calculate the highest common divisor of 20 and 60.
20
Calculate the highest common divisor of 27 and 189.
27
Calculate the greatest common divisor of 475 and 25.
25
Calculate the greatest common divisor of 2776 and 24.
8
Calculate the greatest common divisor of 81 and 10440.
9
Calculate the highest common factor of 5874 and 44.
22
Calculate the highest common divisor of 6 and 1632.
6
What is the highest common divisor of 1746 and 486?
18
Calculate the greatest common factor of 20 and 51200.
20
Calculate the greatest common divisor of 17306 and 102.
34
Calculate the highest common divisor of 5825 and 25.
25
What is the highest common divisor of 425 and 51?
17
Calculate the highest common factor of 18 and 90.
18
What is the highest common factor of 168 and 64?
8
What is the greatest common divisor of 1 and 31?
1
Calculate the greatest common divisor of 7 and 315.
7
Calculate the highest common divisor of 130 and 190.
10
Calculate the highest common divisor of 36 and 3141.
9
What is the highest common divisor of 361 and 114?
19
Calculate the highest common factor of 8 and 3332.
4
Calculate the greatest common factor of 82 and 861.
41
What is the greatest common factor of 899 and 145?
29
Calculate the highest common factor of 7273 and 7.
7
What is the highest common factor of 33 and 209?
11
Calculate the greatest common factor of 2 and 46.
2
Calculate the highest common divisor of 168 and 462.
42
Calculate the highest common factor of 44 and 4510.
22
What is the highest common factor of 3055 and 45?
5
Calculate the greatest common factor of 12 and 140.
4
What is the highest common divisor of 319 and 58?
29
What is the highest common divisor of 153 and 63?
9
What is the highest common divisor of 18512 and 64?
16
What is the highest common divisor of 12169 and 849?
283
Calculate the greatest common factor of 39203 and 199.
199
Calculate the highest common factor of 3135 and 228.
57
What is the highest common factor of 342 and 10374?
114
Calculate the highest common divisor of 66 and 3597.
33
What is the highest common divisor of 121 and 11?
11
Calculate the highest common factor of 1245 and 165.
15
What is the greatest common factor of 9706 and 633?
211
What is the greatest common divisor of 66 and 5258?
22
What is the greatest common factor of 66 and 440?
22
What is the highest common factor of 80 and 60?
20
What is the greatest common factor of 3800 and 11780?
380
What is the highest common divisor of 5621 and 231?
77
Calculate the greatest common divisor of 848 and 3.
1
Calculate the greatest common factor of 5964 and 42.
42
What is the highest common divisor of 2559 and 3?
3
Calculate the highest common divisor of 5 and 965.
5
What is the greatest common divisor of 266 and 14497?
133
Calculate the highest common divisor of 35288 and 88.
88
Calculate the greatest common factor of 780 and 240.
60
Calculate the greatest common divisor of 144 and 522.
18
Calculate the highest common factor of 376 and 72.
8
What is the greatest common divisor of 61 and 1403?
61
What is the highest common factor of 26 and 923?
13
What is the greatest common factor of 988 and 208?
52
Calculate the highest common divisor of 40 and 3400.
40
Calculate the highest common divisor of 15 and 18.
3
What is the greatest common factor of 56 and 7?
7
Calculate the highest common divisor of 8 and 1.
1
What is the highest common factor of 12 and 726?
6
What is the greatest common divisor of 10478 and 155?
31
What is the greatest common factor of 17433 and 117?
117
Calculate the highest common divisor of 77 and 110.
11
What is the greatest common factor of 64 and 20128?
32
What is the highest common divisor of 160 and 7760?
80
Calculate the highest common divisor of 111 and 148.
37
What is the greatest common divisor of 86 and 5676?
86
Calculate the greatest common divisor of 31 and 17639.
31
Calculate the highest common divisor of 47 and 31584.
47
What is the greatest common divisor of 438 and 66?
6
What is the greatest common factor of 4165 and 1615?
85
Calculate the greatest common factor of 312 and 117.
39
What is the greatest common factor of 9 and 261?
9
What is the greatest common factor of 3276 and 28?
28
Calculate the greatest common factor of 92 and 3910.
46
What is the highest common factor of 2 and 16?
2
Calculate the greatest common divisor of 158 and 4.
2
What is the highest common divisor of 1169 and 21?
7
Calculate the greatest common factor of 58 and 203.
29
Calculate the highest common divisor of 1281 and 84.
21
What is the highest common factor of 100 and 80?
20
What is the highest common factor of 9 and 135?
9
Calculate the greatest common factor of 176 and 11792.
176
What is the greatest common divisor of 828 and 23?
23
What is the greatest common divisor of 14 and 154?
14
What is the greatest common factor of 15274 and 42?
14
What is the 